6?
6
Let x be 6 + 1 - (-3)/(-1). Suppose -x*q = -5*h - 52, 4*q + h = 4*h + 44. What is the greatest common divisor of 1 and q?
1
Suppose -4*p - 1 = -9. Suppose -3*v = 4*f - 0*f, -p*f - 3*v = 6. Calculate the highest common factor of f and 3.
3
Let q(y) = y - 5*y + 2*y + 7. Let v be q(-8). What is the greatest common divisor of 207 and v?
23
Let w(m) = m**2 - 3*m + 2. Let o be w(4). Suppose o*q - q - 50 = -u, 3*u + 30 = 5*q. Calculate the highest common divisor of 6 and q.
3
Suppose 12*k - 117 - 147 = 0. What is the highest common factor of 176 and k?
22
Let n = -23 + 41. Calculate the greatest common divisor of 9 and n.
9
Suppose -3*h = -133 - 122. Calculate the greatest common divisor of 17 and h.
17
Let c be 15/6*132/5. What is the highest common factor of 44 and c?
22
Suppose 0 = -f - 3*f + 608. Suppose -j - 6*j = -133. Calculate the highest common divisor of f and j.
19
Let v(y) = y**2 + y. Let r(x) = x**3 + 3*x**2 - 4*x - 3. Let q be r(-3). Let o be v(q). What is the greatest common factor of o and 15?
15
Let v(z) = z - 2. Let q be v(-5). Let o be 180/7 - 2/q. Suppose 0 = 5*n - 8 - 187. What is the greatest common divisor of o and n?
13
Suppose d - 4 = 4. Let r = d - 11. Let c be 2/3 - 25/r. What is the greatest common divisor of c and 9?
9
Let a = 205 + -199. Suppose 2*t + 38 = 146. Calculate the greatest common divisor of a and t.
6
Suppose d = 2*f - 0*d - 33, -3*f = d - 37. What is the highest common factor of f and 98?
14
Let w(i) = i**2 - 1. Let v be w(-2). Let q(r) = 9*r**2 - 2*r. Let o be q(v). What is the greatest common factor of 30 and o?
15
Let z(b) = 2*b**2 - 34*b - 3. Let d be z(-4). What is the greatest common factor of d and 15?
15
Let k = -10 + 3. Let q(x) = x**2 + 9*x + 10. Let v be q(k). Let b be ((-27)/(-4))/((-1)/v). What is the highest common factor of 9 and b?
9
Let c(m) be the second derivative of -4*m**3/3 + m**2 - 4*m. Let o be c(-1). Let a be 30/o*(-1 - -5). What is the highest common factor of a and 4?
4
Suppose -11*b + 2 = -9. What is the greatest common divisor of b and 9?
1
Suppose 0*y + 5*y = -b - 3, -4*b = 5*y - 3. Suppose 5*j = -4*i + 27, 4*j - 2*i - 34 + b = 0. What is the greatest common factor of 63 and j?
7
Let l be 10/(-35) + 102/14. Let j(q) = 3*q - 7. Let m be j(l). What is the highest common divisor of 14 and m?
14
Let s be (-4)/(-1)*(-15)/(-6). Suppose c - s = -c. Let q(v) = v**3 - v**2 + 2. Let z be q(3). Calculate the greatest common divisor of c and z.
5
Let w be 2/7 - (-2493)/21. Let r be (-669)/(-39) + (-4)/26. Calculate the highest common factor of r and w.
17
Let v = 12 - 7. What is the greatest common divisor of 35 and v?
5
Let y(w) be the second derivative of -w**5/5 - w**4/3 - w**3/6 + w**2 + 4*w. Let p be y(-2). What is the greatest common divisor of p and 10?
10
Let b be (-2 + 41)/((-6)/(-4)). Let u(t) = 7*t - 1. Let k be -6*((-1)/(-3))/(-1). Let c be u(k). What is the highest common factor of c and b?
13
Suppose -35 = -5*b - 2*c, 18 = b - 3*c - 6. Calculate the highest common divisor of b and 18.
9
Suppose -48 = 5*a - 128. Let g be 6/(-2) - (1 - -2). Let p = g - -8. What is the highest common factor of p and a?
2
Suppose -7*r + 3*r + 96 = 0. Calculate the highest common factor of r and 60.
12
Let d(k) = -k**2 - 7*k + 10. Let a be d(-8). Let l be 7/((-28)/(-40)) - a. Calculate the greatest common factor of l and 8.
8
Let q(s) = -s**3 - 13*s**2 - s - 3. Suppose -2*b - 65 = 3*b. Let n be q(b). What is the highest common divisor of 110 and n?
10
Suppose -770 = -5*a + 5*g, 3*a + 2*a + g - 758 = 0. What is the greatest common factor of 8 and a?
8
Let i(k) = -3*k - 2. Let x(p) = -3*p**2 - 6 + 11*p - 5*p**2 + 5*p**2 + 2*p**2. Let l be x(11). Let d be i(l). Calculate the greatest common factor of d and 112.
16
Suppose 13 = 3*v - 59. Let j be 574/6 + 4/12. What is the greatest common factor of v and j?
24
Let m(r) = r**2 + r + 1. Let k be m(-3). Suppose -9 = -0*h + 3*h. Let g be (k + -2)/(h/(-6)). Calculate the highest common divisor of g and 4.
2
Let y(c) = 7*c**2 + c + 1. Let v be y(-1). Suppose 0 = -g + 23 - v. Let o(l) = -l + 2. Let w be o(0). Calculate the greatest common divisor of g and w.
2
Let u = -55 - -61. Calculate the highest common factor of 6 and u.
6
Suppose 0 = -12*t + 35 + 13. Suppose 3*l = -4*j - 7, 0 = -2*j - 2*l + 2 - 8. What is the greatest common factor of j and t?
2
Let k = 28 - 22. Calculate the highest common divisor of k and 12.
6
Let a(h) = -2*h - 6. Let n be a(-6). Let r = 25 - 16. Let j be (4 + -2)*(0 + r). What is the greatest common divisor of n and j?
6
Suppose -3*x - 8 - 34 = 0. Let k = x - -22. Calculate the highest common divisor of 4 and k.
4
Let p be (-11)/44 + 241*(-1)/(-4). Calculate the highest common divisor of 36 and p.
12
Suppose -2*g = -g - 3. Let v = 5 - 5. Suppose -5*f + 120 = -v*f. What is the greatest common factor of g and f?
3
Let t(r) = -7*r. Let a be t(-6). What is the highest common divisor of a and 28?
14
Let y = 72 - 40. Suppose 4*u - s - 397 = -u, 2*u = -2*s + 166. Calculate the greatest common factor of u and y.
16
Suppose 46 = 3*d - 5*b, -d - 2*b + 4 + 4 = 0. Calculate the greatest common factor of 60 and d.
12
Let w(s) be the second derivative of 2*s**4/3 - s**3/6 + s**2 - 2*s. Let y be w(2). Calculate the greatest common factor of 4 and y.
4
Let m(x) = -42*x + 1. Let o be m(-1). Suppose -2*f + 101 = -o. What is the greatest common factor of f and 9?
9
Let b be 0*(0 - -1 - 2). Suppose -3*t + 4 + 14 = b. Suppose 0 = 4*v - 2*v - t. Calculate the highest common factor of v and 9.
3
Suppose u + 177 = 2*g, 0 = 5*u - 3*g + 565 + 285. Let m = 29 - u. Let i = m + -133. Calculate the highest common factor of i and 9.
9
Let l = 289 + -167. Suppose u - 382 = -2*u - z, u = z + l. Calculate the greatest common divisor of 21 and u.
21
Let f(w) = -9*w**2 - w - 1. Let u be f(-1). Let p = -3 - u. Suppose 0 = 2*d + 12 - 60. Calculate the highest common divisor of p and d.
6
Let h(w) = w**2 - 7*w - 30. Let d be h(12). Calculate the greatest common factor of d and 75.
15
Suppose -3*n - 26 = -32. Let y(l) = 11*l. Let q be y(2). What is the greatest common divisor of n and q?
2
Let x be (-12 + 1)/(-3 - -2). Let i be ((-25)/3)/(x/(-66)). What is the greatest common divisor of 10 and i?
10
Suppose -66 = -2*k - 2*k - 3*r, 5*r = k - 28. Calculate the greatest common divisor of k and 27.
9
Let b be 14/(-2)*(1 - -4). Let p = -203 - -128. Let w = b - p. What is the highest common factor of w and 8?
8
Suppose 2*u = 179 + 77. Calculate the highest common divisor of u and 32.
32
Let p = -171 - -433. Suppose -y + 4*c + 72 = 0, 2*y + 78 - p = -2*c. Calculate the highest common divisor of 8 and y.
8
Suppose 0*h = 4*h + 5*f - 34, -5*f = -5*h + 20. What is the greatest common divisor of 24 and h?
6
Let f(v) = v - 18. Let o be f(9). Let d be 2/((3/o)/(-1)). Calculate the highest common factor of 24 and d.
6
Let p be (1048 - 2)*(1 - 2). Let y be 2/8 + p/(-8). Suppose 184 = 3*t - 5*x, -2*t - 7*x + 2*x + y = 0. What is the highest common divisor of 7 and t?
7
Suppose 12 + 2 = -2*q. Let n = -1 - q. Suppose -3*x = 4*r - 154, 3*x = 2*r + 248 - 82. What is the greatest common divisor of n and x?
6
Let q = 112 + -65. Suppose -3*a - 185 = -4*c, 0*c - a - q = -c. Calculate the highest common factor of c and 110.
22
Suppose 2 + 13 = 5*i. Let o(p) = -p**2 + 4*p - 2. Let g be o(i). Let d = -6 - -14. Calculate the highest common divisor of g and d.
1
Let t be -3*(-6 + 1 + 1). Suppose 5*o - 114 - 546 = 0. Calculate the highest common factor of o and t.
12
Let g = 17 + -11. Let s(o) = 2*o - 6. Let m be s(g). Suppose q = -q + m. Calculate the greatest common factor of 6 and q.
3
Let l(c) = c**3 - 4*c**2 - 5*c - 6. Let k be l(5). Let i = k - -23. What is the highest common factor of i and 153?
17
Let i(l) = -3*l**3 + 3*l + 2*l**3 - 1 - 4 + 5*l**2. Let q be i(5). Let w be (-4)/(-1*4/q). Calculate the greatest common divisor of 30 and w.
10
Let l(z) be the second derivative of -27*z**5/4 + z**3/3 + z**2 + 10*z. Let j be l(-1). What is the highest common divisor of j and 15?
15
Let c be (1/3)/((-1)/(-15)). Suppose d - 5 = c. What is the highest common factor of d and 20?
10
Suppose 3*t + 0*t - 6 = 0. Suppose 23*i - 81 - 57 = 0. What is the highest common factor of t and i?
2
Suppose -z + 